9 + -1 + 3 + 1 - (3 + 81 + -82).
10
What is the value of -19 - (-35 + -1 + 12) - 24?
-19
Evaluate -924 + 904 + 0 + -50.
-70
(2 - -18) + (-113 + -18 + 22 - -10)
-79
What is the value of (-13 - 25) + 52 + (-3 - (-4 - (-1 + -134)))?
-120
1 + -35 + (9 - 58 - (-250 + 216))
-49
What is -33 + 65 + -37 + 31?
26
(-20 - 8) + 15 - (19 + 2)
-34
Evaluate -23 + -25 + (26 + -10 - 18).
-50
(-5 - (-58 - -21)) + -29
3
What is 0 + -38 + 770 + -744?
-12
Evaluate (-279 - -287) + 3 + 2 + -14 - 50.
-51
Calculate 13 - ((-165 - -162) + -1 + -4).
21
Calculate (88 - (56 - 37)) + 9.
78
What is the value of (5 - 3 - -1 - 106) + 12666 + -12647?
-84
What is the value of -1175 + 1276 - (19 - -3)?
79
Evaluate 6 + (3 - (5 - 1)) - (-182 - -165).
22
What is (0 - (-3 - 1)) + -45 + 35 + 27?
21
What is -17 + (2 - -4) + 177 + -197?
-31
1 + 14 - (-1 + 151 + (2425 - 2488))
-72
What is the value of (52 - (-17 + 42) - 10) + 59?
76
21 - (18 + -8 + 33 + 8)
-30
Calculate (-7 + -96 - -37) + (1 - -15) - 4.
-54
Calculate 17 + -5 + (7 - (-6 + 27)).
-2
What is the value of 45 - 35 - (1 + 1) - (-3 - -10)?
1
What is -106 - (-31 - 28) - -66?
19
Evaluate (-1 + 5 - (157 + -91)) + -14.
-76
What is (5 - 26) + (-44 - -72) - 41?
-34
What is the value of -32 + 12 + 31 + -55 + 0?
-44
Evaluate -37 + 1 + 30 + (70 - 38).
26
Calculate -153 - -122 - ((-4 - -4) + (-4 - (-2 + 4))).
-25
Calculate -5 + 2 + -1 + 51 - (-7 + (-11 - -9)).
56
Calculate (-45 - -116) + -79 + -104.
-112
What is the value of (-2 + 12 + -5 + 0 - (23 - 12)) + -38?
-44
What is the value of 24 + -18 + (2 - (6 + -1)) + 30?
33
Calculate (101 - 41 - -81) + -219.
-78
Calculate (30 - (37 - 31)) + (-2 - (4 - 2) - -6).
26
Evaluate 10 + 0 + (-1 - (-16 - (11 + -21))).
15
-43 + 25 + 21 - -26
29
What is 10 - 24 - ((13 - -1) + (35 - (35 + 8)))?
-20
-39 + (12 - 28 - 6) + (10 + 0 - -1)
-50
What is the value of 1 + -55 + 36 + 15 + -1 + -1 + 0?
-5
1 - (85 + -7) - (-358 - -344)
-63
-21 - (4 + (-24 - -9) + 3) - 117
-130
108 + -62 + (10 - 22)
34
Evaluate 19 - (11 + -18 - -15) - 33.
-22
What is the value of (4 - 25) + -20 + -86 + 106?
-21
Evaluate (1 - (-4 + 20)) + 0 - (0 + -75).
60
671 - 724 - (34 - -14)
-101
What is the value of (11 - (1 + -1)) + 34 + -130 + -8?
-93
Evaluate -19 - ((5 - 2) + -1 - (-2896 - -2895)).
-22
What is (83 - 70 - -14) + -11?
16
What is the value of -32 - 52 - ((40 - 79) + 46)?
-91
What is 56 + -77 + 46 - (-11 - -1)?
35
Calculate 10 - -1 - -7 - (54 + -19).
-17
What is -20 + 0 + (-1022 - -1002) + 85?
45
-5 - (75 - -5 - 55)
-30
Calculate -2 + -5 + (0 - 5) - -2 - (40 - 26).
-24
Calculate -19 - ((-5 - -18) + 0 - -4).
-36
What is 2 + -2 + (50 - -1) - (-199 - -217)?
33
Evaluate (42 - 97 - -56) + (0 - (0 + -31)).
32
Evaluate 12 + (-39 + -75 - (-2 + 2)) + 17.
-85
Calculate (-2 + -29 - -23) + 25 - -17.
34
Evaluate 38 - (-82 + 0 - (-108 + 105)).
117
Calculate -22 + 23 + 0 + -1 + 4.
4
Calculate 206 + -40 + -62 - 155.
-51
What is the value of (4251 - 4316) + (-2 - -86)?
19
What is the value of 41 + (1 - (10 + (-1 - 13))) + (4 - -1)?
51
Calculate 27 - (16 - 7) - ((0 - 0) + 11).
7
What is the value of -38 - (61 + -17 + -30 - -2)?
-54
What is (16 - (3 + -9 - -5 - -6)) + (28 - 146)?
-107
What is the value of (-4 - (-13 - 1)) + (-11 + 0 - 6 - 11)?
-18
What is -43 + 30 + -57 - (-4 + -5)?
-61
What is -8 - 0 - -17 - (-4 + (-15 - (11 - 6)))?
33
What is the value of 4 + (-2 - (-7 + 22 + -13)) - 25?
-25
What is -16 + -9 + 14 + 12 - 3?
-2
What is the value of -2 - 2 - ((13 - -10) + -7 + -72)?
52
Calculate -995 + 1003 - (0 - -17).
-9
What is the value of -53 - (56 - -5) - -215?
101
Calculate 62 - (-7 + 10 + (0 - -12) + -11).
58
What is -91 - (-80 + 14) - -115?
90
What is the value of -20 + -10 + -1 - (-11 + 16 + -7)?
-29
-7 - (8 + (39 - 18) + -5 + 21)
-52
Calculate -115 + -13 + -18 + (16 - 1) + -3.
-134
(1 - 17) + (-208 - (2 - 161))
-65
Evaluate 6 + 6 + (3 - -8) + (-9 - 73).
-59
6 - (-3 - (9 - 9)) - 13 - -48
44
Calculate 2 + -68 + 17 + 151.
102
What is (0 - -10) + -1 + 542 + -543 - 7 - 36?
-35
What is (-7 - -24) + (668 - 655)?
30
Evaluate (32 - -8) + -9 + -186 + 43.
-112
What is the value of 1 + -11 - (-19 - (3 - 1) - (17 - 30))?
-2
What is 207 - (22 + 10 + 79)?
96
Calculate (68 - (-7 - (-3 - 0))) + -9 + 48 + -55.
56
What is the value of 4 + (19 - ((-15 - -38) + 39))?
-39
23 + 1 + -3 - (-1915 - -1833) - -1
104
What is 9 + (-32 - (-61 + 17))?
21
Evaluate (19 - (-18 - -49)) + (-60 - -6).
-66
(-18 - (-18 - -11) - -11) + -53
-53
What is -17 + (-22 - -37) + 32 + 69?
99
(27 - -1) + (-22 - (-14 + 1 + -1))
20
What is the value of 52 + -16 - (36 + -70)?
70
Evaluate -2 + 13 - (68 + -50) - 54.
-61
What is the value of 36 + 21 + -51 - 149 - (-16 - 3)?
-124
Evaluate (-39 + 17 - 0) + -31 + 48.
-5
Evaluate 2 + (14 - 51) - (17 - -2).
-54
Calculate (114 - -12 - 174) + -48.
-96
What is 8 + (-57 - (-3 + 11 + -8)) + 8 + -15?
-56
What is (-1 - -28 - 17) + -36 - 20?
-46
What is the value of (4 - -113) + -8 - 70?
39
Evaluate 40595 - 40589 - ((2 - 99) + (-2 - (2 - 3))).
104
What is (-98 - (-133 + 27)) + -33?
-25
Evaluate 19 + -1 - (41 + (10 - 40)) - -63.
70
Calculate -3 - 28 - ((40 + 3 - 50) + (1 - 3)).
-22
What is -2 + 49 + -31 - (20 - -1)?
-5
What is the value of 11 + (20 - ((-10 - (4 + 3)) + 31))?
17
What is the value of 33868 + -33862 - (-1 - 1 - -1 - (-1 + -1))?
5
What is the value of (5 - 15) + 5 - -40 - (353 + -340)?
22
What is -81 - 64 - -80 - (4 + -1 + -2)?
-66
What is 67 + (4 - -42 - (-340 - -352))?
101
Evaluate -39 + 40 - (5 + -6 + -11) - 88.
-75
Evaluate 5 - (-87 + 47 + 12).
33
Evaluate (-31 - 4) + (-512 - -543).
-4
Evaluate 26 + (-2 - -3 - 8 - (-3 - (7 + -1))).
28
Calculate ((8 - -5 - 7) + -18 - -5) + 7.
0
Calculate (12 - -5) + -17 - (-97 - -83).
14
Calculate 12 - (3 + (-2 - -1) + 9 - (-34 + -32)).
-65
What is (-19 - -4) + -49 + 54 + (46 - 3)?
33
Calculate (0 - -3) + -10 + (0 - -21).
14
What is 42 + -105 - (-21 + 6)?
-48
What is 35 + (-13 - -25 - 8 - 0)?
39
Evaluate -4 + 8 + -1 + (118 + -3 + 2 - -3).
123
What is the value of (11 - ((-44 - -36) + 20)) + (-1 - 33)?
-35
Calculate (2 - (-1 + (-4 - 6))) + (-148 - (-78 + 42)).
-99
What is -1 + -3 + 2 + (-13 - (18 + -29))?
-4
Evaluate (48 - 51) + 6 + -3 + -3 - -2.
-1
What is the value of 2 - (-75 - (39 - 105))?
11
What is -33 + 17 + 6 + -6 + -2 + -1?
-19
What is the value of -86 + (-1 - 0) + (170 - (212 + -66))?
-63
What is the value of -76 + (-11 + 89 - 63)?
-61
(180 + -172 - (-1 + 14) - 1) + -10
-16
What is (-31 - (-6 + 3) - -12) + 40?
24
-1 + 14 + -81 + 59 + -7 - (-11 - -3)
-8
140 + -92 - 127 - -46
-33
-13 + -37 + (49 - 36)
-37
What is -19 - (-21 - 47 - (-40 + 7))?
16
Calculate 18 + 14 - (59 - (28 + -39)).
-38
Evaluate (205 - (138 + 53)) + 1 + 43.
58
What is the value of 1 - (8 - (-17 + 26))?
2
What is the value of 94 + -72 + (-116 - -201)?
107
What is the value of 133 + (95 + -104 - (7 - 17))?
134
What is the value of -16 + (14 - (-3 - -6)) + -22 - 8?
-35
What is -79 + 76 - (33 + -3)?
-33
What is the value of 7 + -27 + (15 - (17 + 2 + -9))?
-15
Calculate -83 + 104 - (0 + -10 - -35).
-4
What is the value of 19 - (0 + 4 + (2 - 4) - (-136 + 141))?
22
What is -10 + 32 + -6 + -9 - 10 - (6 - 51)?
42
What is the value of (3 - -4) + 8 + (10 - (-9 - -14))?
20
Calculate -36 + 88 + (-55 - -7) + -16 + 1.
-11
-191 + 178 - (34 - -1)
-48
Calculate -136 + -224 + 362 - (-1 + -44 - 1).
48
What is the value of -18 + 523 + -478 + 0 + -46?
-19
(-2 - -18 - -3 - 8 - 4) + -31
-24
What is the value of (10 - (-1 + 8)) + (-12 - (-3 - (-109 - -7)))?
-108
((-44 - -31) + 38 - 10) + (1 - -1) + -66
-49
What is (4 + 1 - (-3 + 1)) + -306 + 297?
-2
What is the value of 69 + -60 + 12 + -4 + -6?
11
9 - (19 - (0 + -3 + (-1 - -11)))
-3
Calculate -151 - -256 - (65 - -5).
35
-52 + 6 - (-490 + 487)
-43
26 - 41 - (-9 + 1 + (-244 - -262))
-25
Evaluate (-2 - -44) + -110 - -36.
-32
What is the value of -6 + (5 - 4) + (-4 - (-5 + 4) - -10)?
2
Calculate 22 + (-10 - 0) + -18 + (5 - -9).
8
-48 + -1 + (13 - (3 - -9))
-48
-2 - (19 + -54) - (-12 - (-8 - (-7 + 3)))
41
Calculate 39 + -11 - (28 + -22 - -6).
16
What is the value of 0 - (-48 - -74) - -50?
24
(41 - (-14 + -1 - -5)) + -17
34
Calculate 24 + 7 + -17 - -27.
41
(0 + 36 + -9 - 20) + 44 + 0
51
194 - (78 - -70) - (-15 - -1)
60
Evaluate -516 - -478 - (2 - (-1 + 5)).
-36
(-116 - -143) + -24 + -2 - (-46 - 0)
47
Evaluate -70